{"id":63,"date":"2023-06-14T11:00:41","date_gmt":"2023-06-14T09:00:41","guid":{"rendered":"https:\/\/wifi.lublin.pl\/?page_id=63"},"modified":"2023-06-21T10:28:21","modified_gmt":"2023-06-21T08:28:21","slug":"o-nas","status":"publish","type":"page","link":"https:\/\/wifi.lublin.pl\/","title":{"rendered":"O NAS"},"content":{"rendered":"\n<p class=\"has-text-align-center\"><strong>Proponujemy kompleksow\u0105 obs\u0142ug\u0119 informatyczn\u0105 dla firm z Lublina i okolic.<br>Dzi\u0119ki do\u015bwiadczeniu, oraz wiedzy z zakresu najnowszych technologii, nowoczesnych rozwi\u0105za\u0144 IT dla biznesu, doradzimy jak najlepiej wykorzysta\u0107 infrastruktur\u0119 informatyczn\u0105 w firmie, oraz pomo\u017cemy w jej skutecznym zarz\u0105dzaniu.<\/strong><\/p>\n","protected":false},"excerpt":{"rendered":"<p>Proponujemy kompleksow\u0105 obs\u0142ug\u0119 informatyczn\u0105 dla firm z Lublina i okolic.Dzi\u0119ki do\u015bwiadczeniu, oraz wiedzy z zakresu najnowszych technologii, nowoczesnych rozwi\u0105za\u0144 IT dla biznesu, doradzimy jak najlepiej wykorzysta\u0107 infrastruktur\u0119 informatyczn\u0105 w firmie, oraz pomo\u017cemy w jej skutecznym zarz\u0105dzaniu.<\/p>\n","protected":false},"author":1,"featured_media":0,"parent":0,"menu_order":0,"comment_status":"closed","ping_status":"closed","template":"","meta":{"footnotes":""},"class_list":["post-63","page","type-page","status-publish","hentry"],"_links":{"self":[{"href":"https:\/\/wifi.lublin.pl\/index.php\/wp-json\/wp\/v2\/pages\/63","targetHints":{"allow":["GET"]}}],"collection":[{"href":"https:\/\/wifi.lublin.pl\/index.php\/wp-json\/wp\/v2\/pages"}],"about":[{"href":"https:\/\/wifi.lublin.pl\/index.php\/wp-json\/wp\/v2\/types\/page"}],"author":[{"embeddable":true,"href":"https:\/\/wifi.lublin.pl\/index.php\/wp-json\/wp\/v2\/users\/1"}],"replies":[{"embeddable":true,"href":"https:\/\/wifi.lublin.pl\/index.php\/wp-json\/wp\/v2\/comments?post=63"}],"version-history":[{"count":4,"href":"https:\/\/wifi.lublin.pl\/index.php\/wp-json\/wp\/v2\/pages\/63\/revisions"}],"predecessor-version":[{"id":85,"href":"https:\/\/wifi.lublin.pl\/index.php\/wp-json\/wp\/v2\/pages\/63\/revisions\/85"}],"wp:attachment":[{"href":"https:\/\/wifi.lublin.pl\/index.php\/wp-json\/wp\/v2\/media?parent=63"}],"curies":[{"name":"wp","href":"https:\/\/api.w.org\/{rel}","templated":true}]}}